001001100?
11100101001111101
In base 2, what is 101100011010 - 11100011?
101000110111
In base 16, what is 20802 + 4b?
2084d
In base 3, what is -20 + 112121112020220002?
112121112020212212
In base 4, what is 10100300130 + 2?
10100300132
In base 13, what is 393 + 107c?
1442
In base 15, what is -77a42b - 9?
-77a435
In base 8, what is -237 + 222031?
221572
In base 2, what is 1000111001000110 - 101100?
1000111000011010
In base 8, what is -151 + -302660?
-303031
In base 14, what is -1 + -4008099?
-400809a
In base 16, what is -3 - 53a231?
-53a234
In base 3, what is 2200020100 + 1010022?
2201100122
In base 13, what is 6 + 4aba06b?
4aba074
In base 3, what is -2 + 211000002111201?
211000002111122
In base 10, what is -89941099 + 5?
-89941094
In base 12, what is -7ab6 - -3816b?
30275
In base 11, what is 7226aa2 - 1?
7226aa1
In base 9, what is -1 + -15778218?
-15778220
In base 10, what is 9229 - 80?
9149
In base 9, what is -2525525 + 10?
-2525515
In base 7, what is -30062 + -114216?
-144311
In base 15, what is -2bb3865c + -3?
-2bb38660
In base 9, what is 37 + 111461?
111508
In base 3, what is -21010111100 + 20211?
-21010020112
In base 14, what is -1572d + -39b?
-15aca
In base 2, what is -10010010100111110111000100 - -101?
-10010010100111110110111111
In base 2, what is 10000010100 + -10111110101?
-111100001
In base 9, what is -2057070 - 77?
-2057157
In base 14, what is -284a576 + 1?
-284a575
In base 2, what is 10101110111101 + 100000000010110000?
100010110001101101
In base 10, what is -127 - -252600?
252473
In base 12, what is -17836 - 3a8?
-18022
In base 13, what is 859763 + 28?
85978b
In base 3, what is 1010202010021 - -12012?
1010202022110
In base 4, what is 10313 + 23012200?
23023113
In base 15, what is 1 - -82ce20e?
82ce210
In base 12, what is 10 + -1826260?
-1826250
In base 10, what is -335 + -200867?
-201202
In base 13, what is -601b82 - -10?
-601b72
In base 8, what is -302701 + -3340?
-306241
In base 13, what is 630344 - 5?
63033c
In base 14, what is 161 - a044?
-9cc3
In base 6, what is 2542 + -1052024?
-1045042
In base 5, what is 2424 - -1334230120?
1334233044
In base 15, what is 371b0 - -1c?
371cc
In base 8, what is -1751 + -21327?
-23300
In base 15, what is -2 + c41054?
c41052
In base 14, what is -505 - -17b37?
17632
In base 13, what is -3a8c + -676a?
-a529
In base 4, what is -201011 - -23321031?
23120020
In base 11, what is 3 - 153362a93?
-153362a90
In base 9, what is -35 + 38468754?
38468718
In base 4, what is 1 - -1023131232?
1023131233
In base 9, what is 2128332 + 6?
2128338
In base 3, what is 11120111021 - -122?
11120111220
In base 12, what is -2 - 8209847?
-8209849
In base 13, what is -c939b58 - -3?
-c939b55
In base 10, what is 3800 + 49?
3849
In base 5, what is 4 + -312102244?
-312102240
In base 2, what is -101111001110010 - 1100011010?
-110000110001100
In base 6, what is -2051343 + -15002?
-2110345
In base 5, what is -1 + -4203312141?
-4203312142
In base 14, what is 6a57 - 10?
6a47
In base 12, what is 1 - -29b4b9b?
29b4ba0
In base 7, what is 442021240 - 0?
442021240
In base 16, what is 529bbf - 3?
529bbc
In base 7, what is 45650 - -12431?
61411
In base 3, what is -110001202000100 - -1212?
-110001201221111
In base 7, what is 6106 - 40302?
-31163
In base 4, what is -21 + 1200201101?
1200201020
In base 2, what is 1000000100000001011 - 10111111000?
1000000001000010011
In base 15, what is 6 + -350093?
-35008c
In base 16, what is -227b1 - 22?
-227d3
In base 15, what is 6ed308 + -9?
6ed2ee
In base 2, what is 110100010111000011000 + -1001100?
110100010110111001100
In base 4, what is -32003212123 + 21?
-32003212102
In base 14, what is -4 - 16dd76?
-16dd7a
In base 14, what is -29d + -40dd25?
-4101c4
In base 15, what is ec80 + -ec?
eb83
In base 7, what is 4 - -4230311?
4230315
In base 13, what is -4069 + -1a6?
-4242
In base 2, what is 1111010001010111110000 - 10000?
1111010001010111100000
In base 10, what is -1026598 + 65?
-1026533
In base 14, what is 0 + -7aac63b?
-7aac63b
In base 5, what is -41 - -3101343?
3101302
In base 15, what is 1e - 6033d?
-6031e
In base 16, what is -2ddf16 + 1b?
-2ddefb
In base 6, what is 233 - 21040300?
-21040023
In base 9, what is 113874866 + 5?
113874872
In base 13, what is 1 + -bc3333?
-bc3332
In base 14, what is -3 - 33c447?
-33c44a
In base 16, what is 1167c + -26?
11656
In base 7, what is -2432023 - 14?
-2432040
In base 13, what is 2866 - 1a65?
b01
In base 4, what is 2303320131 + 1002?
2303321133
In base 16, what is 4 - 1bbd8?
-1bbd4
In base 14, what is 0 - 26db1?
-26db1
In base 3, what is 10100010200 + 220121?
10101001021
In base 13, what is -58c + -10651?
-10c10
In base 5, what is -1112313 + 3113?
-1104200
In base 16, what is -1 - -1333a06?
1333a05
In base 8, what is -5 - -26605274?
26605267
In base 8, what is -4 - 1760062403?
-1760062407
In base 7, what is 2235 - 40244?
-35006
In base 16, what is 4 - -57a931?
57a935
In base 13, what is 195ba3a + a?
195ba47
In base 13, what is 5 + 3a7643?
3a7648
In base 2, what is -11 + 1101000001010110010011?
1101000001010110010000
In base 3, what is -20010111220 - -11111120?
-12222000100
In base 7, what is -150336 + 26306?
-121030
In base 11, what is -280147 + 14?
-280133
In base 9, what is 2215 - 36887?
-34672
In base 4, what is 11 - -1313331210031?
1313331210102
In base 13, what is 639 - -2a33?
336c
In base 16, what is 18388a4 + -8?
183889c
In base 9, what is -226672 + 1165?
-225506
In base 15, what is -21d7 + -69?
-2251
In base 10, what is 5 - 17725699?
-17725694
In base 14, what is -289 + -41a1?
-444a
In base 12, what is -5928 + 602?
-5326
In base 6, what is 4144 - 24233425?
-24225241
In base 2, what is -111101011010011110010100 - -10010?
-111101011010011110000010
In base 9, what is -1072 - 1354281?
-1355363
In base 3, what is -112020 - 210110100220?
-210110220010
In base 12, what is -5240 - -341?
-4abb
In base 12, what is 240a + -6b?
235b
In base 15, what is 237d - 3a653?
-382c5
In base 6, what is -3 - -214553354?
214553351
In base 8, what is -323 - -57023?
56500
In base 4, what is 3223131 - 32120?
3131011
In base 2, what is 1100000101101001101110 - 1?
1100000101101001101101
In base 9, what is 255 + -87372?
-87116
In base 10, what is 750 + 2406482?
2407232
In base 15, what is 261c63e - -1?
261c640
In base 11, what is -7523081 - 0?
-7523081
In base 2, what is -1011110110110 + -1111001000?
-1101101111110
In base 9, what is -3861516227 + 1?
-3861516226
In base 10, what is 22 + 2870771?
2870793
In base 8, what is 5574 - -1611?
7405
In base 14, what is 8689 + -8aa?
7bbd
In base 9, what is -85 - 3363153?
-3363248
In base 8, what is -1 + -13033510?
-13033511
In base 9, what is 1018 - 11555?
-10536
In base 3, what is 22121 + 101212100?
102011221
In base 11, what is 14292a9 - -9?
1429307
In base 11, what is 1 - -576032?
576033
In base 14, what is -2510 - -8b23?
6613
In base 7, what is -243506 + -3166?
-250005
In base 12, what is -5 + 38434?
3842b
In base 4, what is -111103122 + 320?
-111102202
In base 11, what is -19 + -296060?
-296079
In base 5, what is -3103 - -123344320?
123341212
In base 13, what is -b337 + -a9?
-b413
In base 13, what is 31b71 - -5a?
31bcb
In base 15, what is -1b999 - 0?
-1b999
In base 7, what is 32605 - 1143063?
-1110155
In base 12, what is -27b5 - 128b9?
-154b2
In base 11, what is -7439 - -1a23?
-5516
In base 7, what is 12214245 + 13?
12214261
In base 12, what is 415b1 + 10b?
41700
In base 11, what is -5 - 55842511?
-55842516
In base 5, what is -21312 - -22211243?
22134431
In base 3, what is 1121120000210012021 + 1?
1121120000210012022
In base 11, what is 4 + 6869242?
6869246
In base 2, what is 101 + -1100000010010101100100?
-1100000010010101011111
In base 5, what is -1314310022003 - 4?
-1314310022012
In base 2, what is -100 + 11001011111101111100110001101?
11001011111101111100110001001
In base 9, what is 2822621 + -2?
2822618
In base 8, what is 2 - 21040452?
-21040450
In base 14, what is -36a34 - 9a1?
-375d5
In base 6, what is -1012152141 + -11?
-1012152152
In base 2, what is 111111010001110011001 - -1010?
111111010001110100011
In base 8, what is 5 - 1030262550?
-1030262543
In base 7, what is 50422426 + 2?
50422431
In base 9, what is 1786800162 - -3?
1786800165
In base 3, what is 10211 + 10101222120001?
10101222200212
In base 6, what is 0 + -50333140?
-503